e
Suppose 9*c - 13590 = 4*c + 3*w, c - 2718 = 4*w. Suppose 0 = -3*b - 363 + c. Is b prime?
False
Suppose 0 = u + 4*c - 49, 7*c - 262 = -5*u + 4*c. Suppose -m = -14*q + 11*q - u, -2*q - 4 = 0. Is m composite?
False
Let y(l) = l - 1. Let a be y(2). Let f(m) = 3*m. Let q be f(a). Suppose -123 + 1362 = q*h. Is h prime?
False
Let s(k) = -2*k - 4. Let j = -8 - -4. Let b be s(j). Suppose -n + b*o = -375, -3*n + 4*o + 310 = -807. Is n composite?
True
Let u(g) = 2*g**2 - 4*g - 8. Let h be u(5). Suppose p - h = -p. Is (p/2)/((-3)/(-186)) a composite number?
True
Let o be 0/2 - 12/(-2). Let y be 9/2*4/o. Suppose -461 = -5*k - 3*h + 486, -2*k = -y*h - 362. Is k prime?
False
Suppose 3*o + 2*b - 8 = 0, 4*o - 5 - 3 = -2*b. Let m = 0 + o. Is 35 + 6/(-3 + m) a prime number?
False
Let r(b) = -57*b**3 + 16*b**2 - 4*b + 11. Let x be r(-7). Suppose -4*m + x = -2*v, v = 4*m + 3*v - 20386. Is m a composite number?
True
Suppose 0*w = -x + 2*w + 496, -2*w - 1996 = -4*x. Let u = -306 + x. Is u a prime number?
False
Let f(c) = -93*c**3 + 7*c**2 + 9*c + 1. Is f(-6) composite?
False
Let n(d) = 115*d**3 + d**2 - 1. Let v be n(-1). Let x = v - -230. Is x a composite number?
True
Suppose -4*s = -5*q - 10, -2*s = -4*q - 5*s + 23. Suppose -3*w = q*w - 3*h - 5492, -2*h + 3299 = 3*w. Is w a composite number?
True
Let l = -6 + 8. Suppose l*a - 151 = -w, 133 + 121 = 3*a - 4*w. Is 5551/a - 2/12 a prime number?
True
Let f = -26 + 31. Let w(o) = 2*o**2 + 9*o - 6. Is w(f) a composite number?
False
Suppose 0 = v - 2*j - 99, -4*j - 470 = -5*v + j. Suppose 1006 = 3*i - v. Is i a prime number?
False
Suppose -2*r - 2*i + 3*i = 35, -3*r - 72 = 5*i. Let q = r - -16. Is ((-3)/(-6))/(q/(-834)) a composite number?
False
Let d(p) = 12*p**3 + p**2 + 2*p + 12. Let j be d(-6). Is (1 + (-12)/8)*(j + 2) a prime number?
True
Let n(f) = 6975*f - 91. Is n(2) a composite number?
False
Let c(b) = b**3 + 8*b**2 - 24*b + 2. Let y be c(-10). Is 2380/y - 2/(-6) a composite number?
True
Let f(v) = -3*v - 15. Let o be f(-7). Is 919 - 3*(-4)/o a composite number?
True
Suppose 24*q = 33*q - 107235. Is q a composite number?
True
Let m(d) = -d**3 - 14*d**2 + 6*d - 20. Let w(q) = -q**2 + 16*q - 3. Let l be w(12). Suppose -l = 4*h - h. Is m(h) composite?
True
Suppose -2*h + 36 = 2*h. Suppose -h*o - 50 = -4*o. Let k(q) = -q**3 - 9*q**2 + 10*q + 11. Is k(o) prime?
True
Suppose 0*o = -o + 5. Is 54022/14 - 2/(-35)*o a prime number?
False
Is (-9670)/(-1)*2/4 a composite number?
True
Let d = -17 - -21. Let u(t) = -t**2 - d + t**2 + t + t**2. Is u(9) prime?
False
Suppose 0*d = 4*d - 8732. Is d a prime number?
False
Let o(a) = 406*a**2 + 8*a + 10. Suppose 5*s - 41 = -51. Is o(s) composite?
True
Let z = 21 + -35. Let b(m) = 15*m**2 + 3*m - 16. Let q be b(z). Suppose -1086 = 4*d - q. Is d a composite number?
False
Suppose -1422 + 552 = -15*m. Is m a composite number?
True
Suppose -3*w - 4*g - 7 = 0, -3 + 4 = w - 2*g. Let s(l) = -3*l**3 + 8*l**2 - 6*l + 2. Let k(i) = i + 1. Let m(r) = w*s(r) - 3*k(r). Is m(8) composite?
True
Let c(j) = j**3 + 6*j**2 + 6*j - 3. Let m be c(-5). Let a = -14 - m. Is (-2114)/a - 24/(-36) composite?
False
Let h(j) = 2*j**2 + 22*j - 24. Let o be h(-12). Is (1 + 0)*(o - -411) prime?
False
Let z(q) = 22*q**3 + 6*q**2 + 2*q - 7. Let s(c) = 5*c**2 + 3*c - 3. Let u be s(1). Is z(u) composite?
False
Let d be 7 + (-2 - -3)*(-3 - -3). Suppose -c + d*c - 1926 = 0. Is c composite?
True
Let q = 9624 - 4585. Is q composite?
False
Suppose 4*v - 3*i = 119279, 59635 = -105*v + 107*v + 3*i. Is v a prime number?
True
Suppose -3*g = -2*g - 3*j - 3266, 0 = -4*g + 4*j + 13024. Is g a composite number?
False
Let f(y) = 11*y**2 - 2*y**2 - 6*y + 8 - 3*y**2. Let d be f(6). Let k = d - 111. Is k a composite number?
True
Is 53086 - (13 - (5 - -3)) prime?
False
Let x = -1 - 0. Let b = -839 + 115. Is x/(-5) + b/(-5) composite?
True
Let n(j) = -24*j**3 + 15*j - 77. Is n(-16) prime?
True
Let i = 1162 + 1612. Let o be (-3)/(-3)*i/2. Suppose -344 = 7*t - o. Is t prime?
True
Suppose 0 = 37*x + 167876 - 1485261. Is x a prime number?
False
Let r(j) = 292*j - 17. Is r(3) composite?
False
Is (38/114)/(1/24546*2) composite?
False
Let k(q) be the third derivative of -q**6/60 - q**5/20 - q**4/12 + 19*q**3/6 - 21*q**2. Is k(-6) a composite number?
True
Let w(j) = 7 - 2*j + 1425*j**2 + 5*j - 1426*j**2 - 34*j**3. Is w(-4) prime?
False
Suppose 45268 = 8*m - 85380. Is m composite?
True
Let x = 347 - 237. Let c be x/(-8) - 2/8. Is 6/c + (-14528)/(-56) a composite number?
True
Suppose 4*v - 35641 = -3*o - 7899, 10 = -5*o. Is v a prime number?
False
Let o(j) = -j**2 - 9. Let r be o(4). Let x = 31 + r. Is x/(-12) - 806/(-4) a composite number?
True
Suppose -32*f + 100842 + 468086 = 0. Is f composite?
True
Suppose 0 = -2*v + 6*v + 20, -4*v + 40 = k. Suppose -3*d + k + 231 = 0. Suppose 37 - d = -4*a. Is a composite?
True
Let u(j) = 7065*j - 79. Is u(4) a prime number?
True
Let w = -19342 - -64989. Is w prime?
False
Let y(a) = a**3 - 38*a**2 - 13*a - 53. Is y(44) a composite number?
True
Let s(z) = -207*z + 16. Let n be s(-4). Suppose -2*y = 2*y - n. Is y prime?
True
Let f = 258 + -64. Is f a prime number?
False
Suppose d = -4*l + 153722, 3*l = 2*l + 4*d + 38439. Is l a prime number?
True
Let z(f) = 18*f**2 + 13*f + 54. Is z(-5) prime?
True
Let t = 46 + -47. Let d(j) = -996*j + 1. Is d(t) a composite number?
False
Suppose 952993 = 13*h + 294296. Is h a prime number?
False
Suppose 12*w - 15*w = -117. Let r be -2*(1 + w/6). Is (r + 1)*342/(-36) a prime number?
False
Let x be (-8)/(-6)*(-3)/2 - 4. Is (x/4)/(((-99)/5898)/11) a composite number?
False
Is (-7 - -929) + (2 + -3)*1 prime?
False
Let w = 5 - 3. Let m be w*(2 - 3) - -34. Suppose m + 54 = j. Is j composite?
True
Let b(m) = 1988*m**2 - 41*m + 234. Is b(5) prime?
False
Let z be (-862)/(-6) + 16/(-24). Let v = z + 12. Is v a prime number?
False
Suppose 0 = 3*k + n + 4*n - 212, 3*k - 3*n = 204. Suppose 4*h - 20 = -0*h. Suppose -k = -h*l + 6. Is l prime?
False
Is (2/4)/(2/8252) a composite number?
False
Let n(p) be the third derivative of -p**6/120 + 3*p**5/10 + 3*p**4/8 + 23*p**3/6 + 2*p**2. Is n(18) prime?
False
Suppose -2 = -2*s + 6. Suppose 3*a - 15421 = -s*a. Is a composite?
False
Let s be 63/15 - (-5)/(-25). Suppose -319 = -f - 3*m, -s*m = -0*f - f + 298. Suppose 6*n - n = f. Is n a prime number?
False
Suppose 3*y + k + 1052 = -3*k, 4*k + 1740 = -5*y. Let b be 2/3 - y/24. Is 1893/2*10/b a prime number?
True
Let i be 18278/22 + (35/11 - 3). Let c = -424 + i. Is c prime?
False
Suppose -115652 = -897*s + 893*s. Is s prime?
False
Let g(j) = -2*j**2 + 16*j - 10. Let d be g(7). Suppose u - 3*u = -3*h + 10, -5*h = d*u - 2. Suppose -2*v = -4*n - 926, -4*v = 3*n + h*n - 1891. Is v composite?
True
Let k = -1402 - -4056. Is k/7 - 7/49 composite?
False
Let r be -1*(-5)/(10/4). Suppose 5*g = 3*c + 5 + 16, 2*g - r = -2*c. Is 1 + (c - -3) + 77 prime?
True
Suppose 0 = -w - 2, -x + 2*w + w = -10. Suppose 5*v + 738 = t, x*v - 2365 = -3*t - 94. Is t a composite number?
True
Suppose 0 = -h + c + 150, 13*c - 770 = -5*h + 8*c. Suppose -5*l - 4*w + 644 = 0, -l + 2*w - 74 = -214. Suppose h = 4*k - l. Is k a prime number?
True
Let k(s) = s**2 - 14*s - 16. Let v = -3 + 18. Let n be k(v). Let w(i) = -239*i - 2. Is w(n) composite?
True
Suppose -2*j + 5*f + 19297 = 0, -j - 8*f = -4*f - 9655. Is j prime?
False
Let p(x) = x**3 + 33*x**2 + 21*x + 91. Is p(-30) a prime number?
True
Let n = 552 - 493. Is n prime?
True
Let i(c) = 451*c**2 - 9*c + 7. Let g be i(3). Let b = g + -2118. Is b a prime number?
False
Let c(q) = -50*q**3 - 7*q**2 - 2*q + 11. Let o(a) = 25*a**3 + 3*a**2 + a - 5. Let j(d) = 6*c(d) + 13*o(d). Is j(2) a composite number?
False
Let i(k) = 4*k + 10. Let l be i(-5). Let s = 12 + l. Suppose 74 = s*y + 12. Is y a prime number?
True
Is 3639*-5*(-3)/45 prime?
True
Let s = -2442 + 3593. Is s prime?
True
Suppose 2*d = 1727 + 207. Is d a prime number?
True
Suppose -j - 2*c = 2, 2*j - 6*c - 3 = -3*c. Suppose -12 = -j*g - 4*g. Suppose -k + 3*h - g = 0, -2 = -3*k + 5*h + 1. Is k composite?
True
Let w = -60574 - -90479. Is w composite?
True
Let w(x) = 88*x - 4. Let l(o) = 176*o - 9. Let r(a) = 6*l(a) - 14*w(a). Let n be r(-1). Let y = n - -219. Is y composite?
False
Let b(j) = j + 1. Let k(f) = f**3 - 9*f**2 + 6*f - 13